hat is the tens digit of m?
3
Let b = -27428 - -67533. What is the ten thousands digit of b?
4
Suppose -38*m + 579329 = -732637 - 1385768. What is the ten thousands digit of m?
7
Let j(s) be the first derivative of -13*s**2/2 - 28*s + 204. Let f be 1*-16 + 3 + -1. What is the hundreds digit of j(f)?
1
Suppose -62*f + 63*f - 9 = 0. Let s(t) = -3803*t**2 - 3*t + 3806*t**2 - f - 2*t. What is the units digit of s(-3)?
3
Let w(i) = 38*i**3 + 3*i**2 + 56*i - 283. What is the thousands digit of w(7)?
3
Let c(a) = -370*a - 47. Let i(s) = -741*s - 97. Let w(z) = 5*c(z) - 2*i(z). What is the thousands digit of w(-4)?
1
Suppose 2*a - 15547 = -3*d + 449, -5*d = -5*a - 26635. What is the hundreds digit of d?
3
Let i(s) = 4 - s + 2*s**2 + s + 0*s**2 + 2*s. Let n(o) = -o**2 - 22*o - 61. Let d be n(-19). What is the tens digit of i(d)?
2
Suppose 755 - 8983 = -22*b. What is the hundreds digit of b?
3
Let w(u) = 443*u + 85. What is the units digit of w(2)?
1
Let v = 232 - 390. Let d = 266 + v. What is the units digit of d?
8
Let n be 8 + (10489 - -3) - 7. Suppose 893 - n = -8*h. What is the tens digit of h?
0
Suppose 0 = -4*h + 20, 0 = 2*g + h - 14603 - 2196. What is the units digit of g?
7
Let d be (-182)/4 - 9/(-18). What is the hundreds digit of 4881/15 + (-27)/d?
3
Let i(q) = -3*q**3 - 11*q**2 - 7*q + 1. Let h be i(-7). Let n = 486 + -481. Suppose n*a - h = a. What is the hundreds digit of a?
1
Let w be 2552/(-110)*(20 + 0). Let v = w - -1439. What is the tens digit of v?
7
Let x(v) = -v**3 + 9*v**2 + 11*v - 9. Let y be x(10). What is the tens digit of y - 1 - 141*(0 + -1)?
4
Suppose 9*a = 4*a + 485. Suppose -h + 3*b + 87 = 0, 2*h - a - 75 = 5*b. What is the units digit of h?
1
Let q(r) = -r**3 - 8*r**2 + 11*r + 15. Let v be q(-9). Let l be (v + -1 - -1)*(-2)/3. Suppose -3*w = 5*n - 565, l*w = -w. What is the units digit of n?
3
Let y(x) = -x**2 + 129*x - 209. What is the tens digit of y(119)?
8
Suppose -5*h + 22 = -3. Let w(c) = -41 - h*c - 8*c + 7*c - 32*c. What is the tens digit of w(-6)?
8
Let b(t) = -9013*t + 2461. What is the units digit of b(-7)?
2
What is the hundreds digit of (-1250)/(-40)*(80 - 0/1)?
5
Suppose 2*l + 266 = 4*w, 0*l = 2*w + 4*l - 158. Suppose -6*f = w + 87. What is the units digit of (1 - f) + 6/(-2 - 0)?
4
Suppose 0 = 5*x - 61 + 41. What is the units digit of x - (-199 + -4 + 5)?
2
What is the tens digit of (-119987)/(-35) + 3/(-15)*1?
2
Suppose 2*f + 5*v = 161, 5*f + 2*v - 7*v = 385. Let g(h) = -10*h + 17. Let n be g(6). Let c = f + n. What is the tens digit of c?
3
Let x = 22569 + 19335. What is the hundreds digit of x?
9
Let h = 66 - 55. Suppose 504 = -h*y + 3903. What is the units digit of y?
9
Let o(k) = -56*k + 3. Let s be o(-6). Let z(m) = 3*m + 267. Let h be z(-17). Let l = s - h. What is the tens digit of l?
2
Let o(a) = -a**3 + 8*a + 2. Suppose -12 = -3*d, -3*d = 2*f - d - 2. Let b be o(f). Suppose -b*i + k = -389, -4*i + 387 = i - 3*k. What is the units digit of i?
8
Let p(c) = -15*c**2 + 1059*c - 67. What is the units digit of p(62)?
1
Suppose 257 = -8*t + 8321. Suppose -4*g + g = -t. What is the tens digit of g?
3
Suppose -96 - 48 = -9*v. Suppose -20 = -3*f + v. Let o(d) = -2*d + 25. What is the units digit of o(f)?
1
Let z be (-13 + 10)/((-6804)/2267 - -3). Suppose 9*t - 1792 = z. What is the hundreds digit of t?
4
Let g be -2 - (-9)/(45/(-7030)). Let h = 2009 + g. What is the units digit of h?
1
Suppose -3083 = -10*z + 9*z + b, b - 15409 = -5*z. What is the hundreds digit of z?
0
What is the units digit of -42*4/(56/(-1099))?
7
Suppose -3146 = -u + 1674 - 1153. What is the thousands digit of u?
3
Suppose -212*n = -153*n - 297773. What is the hundreds digit of n?
0
Let p(t) = t**3 + 41*t**2 - 43*t - 274. What is the units digit of p(-37)?
3
Let l = 23259 + -15865. What is the tens digit of l?
9
Suppose 13 + 12 = 5*m. Suppose -3*z + 71 = -m*o, -o = z + 4*z - 137. Suppose z*v = 22*v + 65. What is the tens digit of v?
1
Suppose 19*r = 339 - 92. Suppose 9*s + r*s = 4136. What is the hundreds digit of s?
1
Let v(i) = -12*i - 129. Let g be (1*(-21 - -8))/1. What is the tens digit of v(g)?
2
Let x be (-4)/30 + 1174/30. Let c = x + -39. Suppose 2*n = 3*h + 4*n - 86, c = h - 5*n - 40. What is the units digit of h?
0
Let c = 26 + -51. What is the hundreds digit of (-3403)/82*(c + 1)?
9
Let f(d) = d**2 - d - 10. Let t be (-9)/12*(-56)/(-2). Let o be t*((-2)/(-7))/(-1). What is the units digit of f(o)?
0
Let c(k) = 2*k**2 - 3*k + 3. Let w be c(9). Let r = 32 + 15. Let q = r + w. What is the units digit of q?
5
Let d(y) = -359*y**3 - y**2 + 73*y + 135. What is the thousands digit of d(-2)?
2
Let q(s) = 1102*s**2 - 147*s. What is the thousands digit of q(2)?
4
Suppose k + 173 = -0*k. Let i = -49 - k. Let h = 5 + i. What is the tens digit of h?
2
Suppose 0 = 3*a + 3*v - 42714, 5*a - 2*v - 58244 = 12967. What is the units digit of a?
1
Let q(g) = 2*g**2 - 8*g + 2. Let m be q(7). Let x = m + -45. Let a(h) = -13*h**3 + 3*h + 3. What is the units digit of a(x)?
3
Let v(c) be the first derivative of -3*c**2 + 114*c + 36. What is the tens digit of v(-15)?
0
Suppose -4*b + 31956 = 4*r, -4*b + 31956 = -0*b + 5*r. What is the tens digit of b?
8
Let f = 110 - 106. Suppose -f*c = -x - 18, 33 = 5*x - x + 5*c. Suppose -y + 79 + 82 = -3*j, y = x*j + 160. What is the units digit of y?
8
Suppose 4*i - 22 = -6. Suppose 0 = -w + 2*n + 9, 5*n = -i*w + n. What is the units digit of -2 + w - (5 + -94)?
0
Suppose -4*j - 6407 = -q, -4*q = -3*j - 17045 - 8544. What is the thousands digit of q?
6
Let q be (-19 + 1)/((80/1415)/(-8)). What is the hundreds digit of q/3 + 0*(-5)/(-10)?
8
Let m(k) = 5*k**2 - k + 1. Let p be m(1). Let q(g) = g**2 - 4*g - 3. Let u be q(p). Suppose -3*c = -u*c - 41. What is the tens digit of c?
4
Let d = -27309 + 48026. What is the ten thousands digit of d?
2
Suppose -n = 2*l - 445, -5*n + 377 = 362. What is the tens digit of l?
2
Suppose 3*z - 3*l = 63 + 30, -3*l = -2*z + 60. Suppose 26*j + 210 = z*j. What is the tens digit of j?
3
Suppose -50*z = -53*z. Suppose z*g - 8 = -2*g - r, 3*g - 12 = -5*r. Let m(f) = f**3 - f - 7. What is the tens digit of m(g)?
5
Let l(k) = -8*k**3 - 57*k**2 - 19*k - 23. What is the hundreds digit of l(-8)?
5
Let d be 174*(16/(-12))/(4/(-16)). Suppose 0 = -15*y - y + d. Suppose -4*v + 4*b = -76, 5*b = 4*v - 15 - y. What is the tens digit of v?
2
Suppose -7522 + 3130 = -86*y + 15560. What is the tens digit of y?
3
What is the hundreds digit of (-2)/12 + 9/(54/13063)?
1
Let z(o) = 835*o**2 - 1236*o + 4. What is the ten thousands digit of z(7)?
3
What is the ten thousands digit of 69306*(-24)/(-864)*18?
3
Suppose -25*g + g = -24. What is the units digit of g/(2/1588) - (-3 + 0)?
7
Suppose -35448 = -15*u + 74997. What is the units digit of u?
3
Let j(q) = 159*q + 10. Let g be j(4). Let t = g - 453. Let k = t + -100. What is the units digit of k?
3
Suppose 0 = 50*p - 46*p + q - 12314, q - 3080 = -p. What is the thousands digit of p?
3
What is the hundreds digit of 1128/846 + -2*2161/(-3)?
4
Let g = 13305 - 5761. What is the thousands digit of g?
7
Let v(r) = -41*r**2 + 10*r - 18. Let p be v(5). Let k = -674 - p. What is the hundreds digit of k?
3
Let x be (6 - (-62)/(-8))*-4. Suppose -x*o + 2065 + 560 = 0. What is the hundreds digit of o?
3
Suppose -5*z + 246 = -3*x, -78*z + 5*x - 270 = -83*z. Let y = -57 + 28. Let v = y + z. What is the tens digit of v?
2
Let u = 7763 + -5215. Let m = u - 1455. What is the hundreds digit of m?
0
Let j = -21912 - -56294. What is the units digit of j?
2
Suppose -222010 = -54*j - 28722 + 78494. What is the thousands digit of j?
5
Let n(o) = -19*o**3 + 7*o**2 + 9*o - 2. Let x be n(-4). Suppose -2*u = u - x. What is the hundreds digit of u?
4
What is the hundreds digit of -5*1 - ((-27)/((-270)/(-22240)) + -11)?
2
Suppose -17 + 3 = -4*a + 2*n, 3*a - n = 10. Suppose 2*g - 1076 = a*p, 28*p - 25*p = 4*g - 2164. What is the tens digit of g?
4
Let t be 68/(-11) - 18/(-99) - -18. Let q(g) = 104*g - 32. What is the thousands digit of q(t)?
1
Let c(g) = -3 + 0*g**3 + 4*g + 2*g**3 - g**3 + 37 + 8*g**2. Let x be c(-8). Suppose x*i + 132 = 3*i - r, r + 5 = 0. What is the hundreds digit of i?
1
Let q(o) = -3*o**2 + 14*o - 3. Let h be -14 + 4/1 + 2. Let g be (-6)/h*((-2 - -6) + 0). What i